and z.
23
Let u be 16/28 - (-2622)/(-84)*-2. Suppose 0 = 3*r - 3*w - 66 - 51, 4*w + 30 = r. What is the highest common divisor of u and r?
21
Let v be 12/(24/10) - 0. Calculate the highest common factor of 35 and v.
5
Let p(y) = y - 2. Let v be p(4). Suppose -4*x + 3*i + 6 = -2, -x + v = 4*i. Calculate the greatest common divisor of x and 18.
2
Let f be (2146/3)/(4*(-9)/(-54)). What is the greatest common factor of 37 and f?
37
Suppose -4*t - w - 3 + 2 = 0, -4*w = -5*t + 25. Calculate the greatest common factor of t and 239.
1
Let y = 44 + -38. Let v(b) = 3*b + 3. Let z = 13 + -8. Let g be v(z). Calculate the highest common divisor of g and y.
6
Let y = -769 + 1385. Calculate the greatest common divisor of y and 14.
14
Suppose c = -3*c - 8, -5*c - 42 = -4*i. Calculate the highest common divisor of 3592 and i.
8
Suppose 3*u - 5*v = -84 - 41, -4*u = -4*v + 180. Let b be (-5)/(u/36)*(-8 - -13). Suppose 0 = 4*o - 290 - 502. Calculate the highest common divisor of o and b.
18
Suppose 0 = -9*m + 216 + 180. Calculate the greatest common divisor of 12 and m.
4
Suppose -43 = -5*r - 13. Let b(l) be the second derivative of 7*l**4/12 + l**3/6 + 9*l. Let u be b(3). Calculate the highest common factor of u and r.
6
Let a = -151 + 149. Let k be a/2 - (-262)/2. What is the greatest common divisor of 10 and k?
10
Let k = 4 + -6. Let a be (-71)/k - (-14)/(-28). Calculate the greatest common divisor of 5 and a.
5
Suppose -4*o = -h - 225, o + 4*h = -h + 72. Let s = -53 + o. Calculate the greatest common factor of s and 44.
4
Suppose 0*h = -3*h + 9. Let x be (h - 1) + -1 + 13 + 8. What is the greatest common divisor of 110 and x?
22
Let w(k) = -k**2 - 11*k + 1. Let i be w(-7). Let d be 4 - (-8 + -305 + -2). What is the greatest common factor of d and i?
29
Let j(d) = 3*d - 2. Let q be j(4). Let x be ((-25)/q + 2)*-68. Calculate the greatest common factor of x and 34.
34
Let b = -4 - -6. Suppose -b*a + 4*a = 0. Let p be a + 0 + (-240)/(-10). What is the highest common factor of p and 48?
24
Let d(j) = -3*j**2 + 24*j - 6. Let z be d(10). Let m = z + 94. Calculate the greatest common divisor of 84 and m.
28
Suppose 0 = -33*m - 4*m + 333. Let l be 50/6 - (-2)/3. Calculate the highest common divisor of m and l.
9
Let c be 6981/143 + (-2)/(-11). Let i be (-1 - 53)/(c/(-14) + 3). What is the greatest common factor of 9 and i?
9
Let t(w) be the second derivative of -3*w**3/2 + 7*w**2/2 - 4*w. Let s be t(3). Let q = s - -21. What is the highest common divisor of 3 and q?
1
Let p be 36/396 - 2198/(-22). What is the highest common divisor of 650 and p?
50
Let j = -440 + 485. Calculate the greatest common divisor of j and 90.
45
Let t(j) = 56*j**2 + 2*j - 3. Let x be t(2). Suppose 0 = -5*m + 4*u + 117, 0*m - 71 = -3*m + 2*u. Calculate the greatest common divisor of m and x.
25
Let x be (7/14)/(1/140). Let y = x - 39. Calculate the highest common divisor of 62 and y.
31
Let t = 133 + -48. Suppose -t = 3*i + 32. Let s be i/52 - 47/(-4). Calculate the greatest common divisor of s and 77.
11
Let t be 9/45 - (-1698)/10. Calculate the greatest common factor of 50 and t.
10
Let c(n) = n**2 + n + 20. Let u be c(0). Suppose 43*w = 38*w + 50. What is the highest common factor of w and u?
10
Let p(r) = 115. Let m(q) = -q + 114. Let i(o) = -2*m(o) + 3*p(o). Let s be i(0). What is the highest common divisor of s and 13?
13
Suppose -p + 2*z + 20 = -0*z, 3*p - 4*z = 58. Let c = -27 + 29. Suppose -44 = -c*d + 46. What is the greatest common factor of p and d?
9
Let m be (-10)/(3/2 - 36/9). Suppose -2*a + a = -6. What is the highest common factor of m and a?
2
Let p be (57/(-6))/((-49)/1764). What is the greatest common divisor of p and 18?
18
Suppose 41 = o - b, -2*o + 13*b - 8*b = -85. Calculate the greatest common factor of o and 280.
40
Suppose 60*w - 46*w - 56 = 0. What is the greatest common factor of 124 and w?
4
Suppose -3 = -3*g + 12. Let j = 174 - 89. Suppose -j = -5*o - 10. Calculate the highest common factor of g and o.
5
Suppose 9*b = 2*m + 4*b - 120, 63 = m - 4*b. Calculate the highest common divisor of m and 605.
55
Let k(s) = 22*s - 19. Let i be k(6). Let z = 177 - i. Calculate the greatest common divisor of z and 16.
16
Let u(t) = t**3 + 10*t**2 - 4*t - 4. Let c = -18 - -11. Let r be u(c). What is the highest common divisor of 19 and r?
19
Suppose -2885 = -49*k + 888. Calculate the highest common factor of 98 and k.
7
Suppose 32*z = 27*z - 2*q + 1262, -z + 256 = 4*q. What is the highest common divisor of z and 140?
28
Suppose 2*w + 5*h + 1 = 0, 14*w - 19*w = 5*h - 35. Calculate the highest common factor of w and 42.
6
Let y(z) = 6*z + 79. Let d be y(-9). What is the greatest common divisor of d and 10?
5
Let z be (-4 - -2)/1 + 234. Let b(x) = 7*x**2 - 2 + x**3 - 5 - 2*x**2 + 3*x**2 + 6*x. Let a be b(-6). What is the greatest common divisor of a and z?
29
Let d(w) = -w**3 - w**2 - 4*w + 2. Let k be d(-7). Calculate the greatest common factor of 12 and k.
12
Let i = -654 + 798. What is the highest common factor of 264 and i?
24
Let q be (-1 - -2 - -1) + -2. Suppose q = 6*j - 2*j - 128. Let p = 414 + -334. What is the greatest common divisor of j and p?
16
Let a = -1226 + 1233. What is the highest common factor of 287 and a?
7
Let r(v) = -2*v**2 + 1 + 2*v + 4*v - 29*v**3 - 6*v. Let t be r(-1). What is the greatest common factor of t and 7?
7
Let t(c) = c - 11. Let m be t(6). Let y(g) = -62*g + 9. Let j be y(m). What is the highest common factor of 29 and j?
29
Suppose 2*h - 132 = 52. Calculate the greatest common divisor of h and 92.
92
Let w be (((-72)/15)/6)/(4/(-310)). Let u = -52 + w. Calculate the highest common factor of 70 and u.
10
Let n(y) = -12*y - 4*y - 48*y**2 - 1 + 47*y**2 + 17. Let l be n(-16). What is the greatest common factor of l and 8?
8
Let d be 11 - (5 + -4 + 2). What is the greatest common divisor of 44 and d?
4
Let c = -81 + 83. Suppose 2*k + 9 = -k, c*z + k = 93. What is the greatest common factor of z and 16?
16
Suppose 3*r + 46 = -2*c - 7, -5*c - 115 = 4*r. Let t = c + 63. What is the highest common factor of t and 110?
22
Suppose 0 = m - 2*m + 4. Suppose -4*q + m = -44. Let c(j) = 24*j + 267. Let p be c(-11). What is the greatest common factor of q and p?
3
Suppose 0*y = y + 4*b - 30, -2*y - 4*b + 44 = 0. Calculate the greatest common factor of 378 and y.
14
Let n(h) = 12*h - 214. Let f be n(19). What is the highest common divisor of f and 98?
14
Let z be 43 - (0/(-2) + 1). Let o = z - 17. What is the highest common factor of 100 and o?
25
Let z be 1*(-4 + 8) + -5. Let s be 10718/115 + z/5. What is the highest common factor of 31 and s?
31
Let y(v) = v**3 + 9*v**2 + 8*v + 1. Let z be y(-8). Let d be 6 + z/(-1)*0. Let u be -6*(-1 - (-1 - -1)). Calculate the highest common factor of u and d.
6
Suppose -26*d - 11985 = -41*d. What is the greatest common divisor of 47 and d?
47
Let y be (-2865)/(-9) - (-2)/3. Let p be -11 - -5 - 70/(-2). Calculate the greatest common divisor of y and p.
29
Let z(i) = -33*i**3 - i**2 + 3. Let a be z(-2). Let k = a - 120. Calculate the greatest common factor of 13 and k.
13
Let r(q) = 3 - 2*q + 4 + 3*q. Let m be r(-4). Suppose -3*i + 96 = 5*j, 5*i = -j + 6*j - 120. What is the highest common factor of j and m?
3
Let f = 133 - 87. Let d = 50 - f. Calculate the highest common factor of 20 and d.
4
Let z(w) = w**3 + w**2 + 15. Let m be z(0). Let g = 691 + -526. Calculate the highest common divisor of m and g.
15
Suppose g - 31 - 59 = 2*t, 0 = 5*g - t - 423. Let p be (g/(-10))/((-4)/30). Suppose 13 = c + 4. What is the greatest common divisor of c and p?
9
Let w(m) = -6*m**3 + m**2 + m + 1. Let o be w(-1). Suppose -l = -o*l + 210. Calculate the greatest common divisor of 14 and l.
7
Let x = 1083 + -1019. What is the highest common divisor of x and 10?
2
Let f(m) = 29*m + 688. Let a be f(-23). Calculate the highest common divisor of a and 1029.
21
Suppose 3*t + 36 = n, -4*t - 83 = -10*n + 7*n. Suppose -4*i + u = -83, 3*i + 8*u - 68 = 3*u. What is the greatest common factor of n and i?
21
Let n = 97 + -53. Let o be (-69)/(-2) + -4 + n/8. Calculate the greatest common factor of 4 and o.
4
Let k = 16 - 11. Suppose 20 = k*s - 5*x, 2*x = -3*s + 6*s - 11. Let i be -3 + (s - -3)*6. What is the highest common factor of i and 330?
33